vide 1468?
False
Does 12 divide 11468?
False
Does 10 divide 327?
False
Does 31 divide 67549?
True
Is 95 a factor of 806?
False
Is 6 a factor of 5633?
False
Is 16152 a multiple of 16?
False
Is 67 a factor of 6566?
True
Is 25 a factor of 475?
True
Is 18 a factor of 25?
False
Is 145 a multiple of 5?
True
Is 9 a factor of 2970?
True
Is 9 a factor of 1629?
True
Is 400 a multiple of 20?
True
Is 10 a factor of 1755?
False
Does 2 divide 993?
False
Is 123 a factor of 6144?
False
Is 14 a factor of 1540?
True
Is 7 a factor of 69?
False
Is 22 a factor of 7232?
False
Is 22675 a multiple of 25?
True
Does 24 divide 3003?
False
Does 4 divide 144?
True
Does 5 divide 1151?
False
Is 10 a factor of 3911?
False
Is 218 a multiple of 42?
False
Does 13 divide 11596?
True
Does 8 divide 13074?
False
Does 7 divide 18646?
False
Is 4272 a multiple of 267?
True
Is 20300 a multiple of 12?
False
Is 50 even?
True
Does 28 divide 22876?
True
Does 73 divide 8666?
False
Is 12 a factor of 63?
False
Does 11 divide 3498?
True
Does 29 divide 2129?
False
Is 17 a factor of 297?
False
Is 438 a factor of 60444?
True
Is 7 a factor of 10052?
True
Is 11 a factor of 2667?
False
Is 24825 a multiple of 112?
False
Is 13 a factor of 50?
False
Is 19 a factor of 16967?
True
Is 7074 a multiple of 114?
False
Does 50 divide 15600?
True
Is 16 a factor of 224?
True
Is 385 a multiple of 7?
True
Is 33048 a multiple of 18?
True
Does 8 divide 968?
True
Is 5541 a multiple of 12?
False
Does 38 divide 25645?
False
Is 186 a multiple of 28?
False
Does 89 divide 1783?
False
Is 107 a factor of 237?
False
Does 20 divide 74050?
False
Is 45 a factor of 1588?
False
Is 13 a factor of 663?
True
Is 260 a multiple of 26?
True
Is 10 a factor of 3000?
True
Is 86 a factor of 3500?
False
Is 52 a factor of 57?
False
Is 3696 a multiple of 44?
True
Is 772 a multiple of 6?
False
Is 41 a factor of 41327?
False
Is 88 a factor of 1884?
False
Is 13 a factor of 2937?
False
Is 31 a factor of 3317?
True
Is 203 a factor of 40041?
False
Is 4883 a multiple of 19?
True
Is 781 a multiple of 55?
False
Is 2 a factor of 1432?
True
Is 11 a factor of 287?
False
Does 16 divide 12896?
True
Is 46 a factor of 6946?
True
Is 2921 a multiple of 18?
False
Does 131 divide 1048?
True
Is 25 a factor of 2982?
False
Is 62412 a multiple of 84?
True
Does 12 divide 2987?
False
Does 14 divide 809?
False
Is 549 a multiple of 14?
False
Does 109 divide 14112?
False
Does 178 divide 37024?
True
Does 12 divide 4152?
True
Is 109 a factor of 5777?
True
Is 1622 a multiple of 15?
False
Is 143 a factor of 22594?
True
Is 633 a multiple of 36?
False
Does 5 divide 7105?
True
Is 5 a factor of 975?
True
Is 3 a factor of 103?
False
Does 12 divide 2088?
True
Does 19 divide 304?
True
Does 9 divide 70302?
False
Is 1280 a multiple of 50?
False
Is 554 a multiple of 48?
False
Is 57 a multiple of 2?
False
Is 51 a factor of 55755?
False
Does 22 divide 310?
False
Is 13193 a multiple of 79?
True
Does 28 divide 12124?
True
Does 114 divide 25080?
True
Is 84364 a multiple of 262?
True
Is 143 a factor of 3415?
False
Does 28 divide 2660?
True
Is 14 a factor of 24213?
False
Is 173 a multiple of 2?
False
Is 2250 a multiple of 4?
False
Is 85442 a multiple of 29?
False
Is 16 a factor of 352?
True
Is 288 a multiple of 3?
True
Is 435 a multiple of 11?
False
Is 13860 a multiple of 14?
True
Does 13 divide 13?
True
Is 131 a factor of 32897?
False
Does 7 divide 2775?
False
Does 44 divide 820?
False
Is 37 a factor of 22315?
False
Is 4503 a multiple of 5?
False
Is 5373 a multiple of 126?
False
Is 21 a factor of 4759?
False
Does 9 divide 108?
True
Is 18 a multiple of 9?
True
Is 1092 a multiple of 19?
False
Does 43 divide 1363?
False
Is 153 a multiple of 51?
True
Is 86 a factor of 1762?
False
Is 27 a multiple of 3?
True
Is 64 a factor of 64?
True
Is 34 a factor of 25262?
True
Is 54509 a multiple of 82?
False
Is 14 a factor of 1629?
False
Is 114 a multiple of 57?
True
Does 7 divide 602?
True
Does 6 divide 102?
True
Does 2 divide 48?
True
Is 25429 a multiple of 39?
False
Does 15 divide 4432?
False
Is 345 a multiple of 23?
True
Is 6860 a multiple of 20?
True
Is 2673 a multiple of 9?
True
Does 44 divide 17512?
True
Is 4717 a multiple of 5?
False
Does 13 divide 17160?
True
Does 22 divide 52206?
True
Is 32 a multiple of 11?
False
Is 10 a factor of 258?
False
Is 14687 a multiple of 31?
False
Does 30 divide 624?
False
Does 21 divide 38?
False
Does 16 divide 4489?
False
Is 322 a multiple of 18?
False
Is 2269 a multiple of 5?
False
Is 5925 a multiple of 25?
True
Does 100 divide 3088?
False
Does 33 divide 22056?
False
Is 8861 a multiple of 49?
False
Does 11 divide 12403?
False
Is 473 a multiple of 25?
False
Does 19 divide 492?
False
Does 13 divide 2201?
False
Is 2633 a multiple of 115?
False
Does 4 divide 1923?
False
Is 5 a factor of 25665?
True
Is 134 a multiple of 3?
False
Does 50 divide 12350?
True
Is 202 a multiple of 20?
False
Is 658 a multiple of 47?
True
Does 67 divide 11217?
False
Is 4428 a multiple of 9?
True
Does 119 divide 6112?
False
Is 1786 a multiple of 19?
True
Is 627 a multiple of 57?
True
Is 57 a factor of 4047?
True
Does 90 divide 7402?
False
Does 75 divide 14025?
True
Does 20 divide 540?
True
Is 39 a factor of 42042?
True
Is 61 a factor of 448?
False
Does 7 divide 658?
True
Is 15271 a multiple of 193?
False
Does 29 divide 3188?
False
Is 29 a factor of 2485?
False
Is 9 a factor of 6696?
True
Is 8 a factor of 147?
False
Is 8 a factor of 888?
True
Does 5 divide 2086?
False
Does 55 divide 1196?
False
Is 743 a multiple of 49?
False
Is 39 a factor of 4836?
True
Is 49 a factor of 7483?
False
Does 12 divide 5964?
True
Does 28 divide 2152?
False
Does 103 divide 16171?
True
Does 67 divide 17462?
False
Does 145 divide 4785?
True
Is 19034 a multiple of 62?
True
Is 6731 a multiple of 113?
False
Is 6321 a multiple of 129?
True
Does 4 divide 109?
False
Is 5544 a multiple of 154?
True
Is 40 a factor of 13400?
True
Is 89 a factor of 3418?
False
Is 27 a factor of 21800?
False
Is 592 a multiple of 37?
True
Is 71 a factor of 8508?
False
Is 11 a factor of 36597?
True
Does 22 divide 3249?
False
Is 1271 a multiple of 41?
True
Is 6 a factor of 634?
False
Is 80 a factor of 720?
True
Is 32 a factor of 6492?
False
Does 17 divide 1715?
False
Is 3485 a multiple of 5?
True
Does 16 divide 10528?
True
Does 79 divide 136?
False
Does 8 divide 417?
False
Does 24 divide 15408?
True
Is 69 a factor of 621?
True
Is 9 a factor of 139?
False
Is 50752 a multiple of 16?
True
Does 4 divide 387?
False
Does 22 divide 3366?
True
Is 1530 a multiple of 48?
False
Does 65 divide 650?
True
Is 2848 a multiple of 8?
True
Is 66 a factor of 7128?
True
Is 16 a factor of 30690?
False
Does 46 divide 46210?
False
Does 26 divide 5954?
True
Is 10 a factor of 5309?
False
Is 73 a multiple of 8?
False
Does 12 divide 25?
False
Is 5 a factor of 3895?
True
Does 55 divide 2970?
True
Does 3 divide 3797?
False
Is 14 a factor of 182?
True
Is 7 a factor of 8327?
False
Is 4109 a multiple of 19?
False
Does 13 divide 42406?
True
Is 24 a factor of 5159?
False
Is 71 a factor of 6334?
False
Is 18 a factor of 72?
True
Does 17 divide 1003?
True
Is 13 a factor of 548?
False
Is 61 a factor of 21206?
False
Is 37 a factor of 17766?
False
Is 10 a factor of 1510?
True
Is 13448 a multiple of 41?
True
Is 12388 a multiple of 19?
True
Is 9024 a multiple of 24?
True
Does 3 divide 44?
False
Is 1691 a multiple of 36?
False
Does 9 divide 340?
False
Is 58 a multiple of 36?
False
Is 17 a factor of 1698?
False
Is 5368 a multiple of 8?
True
Is 2270 a multiple of 10?
True
Is 6 a factor of 192?
True
Does 7 divide 609?
True
Does 39 divide 5430?
False
Is 71 a factor of 241?
False
Is 4 a factor of 1443?
False
Is 125 a factor of 12737?
False
Is 5843 a multiple of 70?
False
Does 16 divide 1463?
False
Does 23 divide 11115?
False
Does 23 divide 1794?
True
Is 55 a factor of 34485?
True
Does 60 divide 4688?
False
Is 60 a factor of 360?
True
Is 159 a factor of 14590?
False
Is 1643 a multiple of 8?
False
Is 37 a factor of 2072?
True
Does 7 divide 1015?
True
Is 89 a factor of 51457?
False
Is 10 a factor of 6430?
True
Is 186 a multiple of 10?
False
Is 215 a factor of 35260?
True
Is 192 a multiple of 8?
True
Is 2898 a multiple of 59?
False
Does 51 divide 898?
False
Is 688 a multiple of 36?
False
Is 11 a fac